{"id":375,"date":"2017-08-01T10:47:46","date_gmt":"2017-08-01T10:47:46","guid":{"rendered":"http:\/\/arli.albweb.al\/?page_id=375"},"modified":"2017-08-01T12:35:50","modified_gmt":"2017-08-01T12:35:50","slug":"dezinfektime","status":"publish","type":"page","link":"https:\/\/arli-international.com\/?page_id=375","title":{"rendered":"Dezinfektime"},"content":{"rendered":"<div class=\"wpb-content-wrapper\"><p>[vc_row][vc_column][vc_custom_heading text=&#8221;ARLI DEZINFEKTIME&#8221; google_fonts=&#8221;font_family:Open%20Sans%3A300%2C300italic%2Cregular%2Citalic%2C600%2C600italic%2C700%2C700italic%2C800%2C800italic|font_style:600%20bold%20regular%3A600%3Anormal&#8221;][vc_column_text]<\/p>\n<p style=\"text-align: justify;\">Kompania Arli International, me q\u00ebnd\u00ebr n\u00eb Maminas, \u00ebsht\u00eb themeluar si person fizik n\u00eb vitin 1992. \u00cbsht\u00eb shnd\u00ebrruar n\u00eb person juridik n\u00eb vitin 1996. Ushtron veprimtari ne te gjithe territorin e Shqiperise dhe trojet shqiptare (Kosov\u00eb, Maqedoni, Mal i Zi). Shum\u00ebllojshm\u00ebria e artikujve bujq\u00ebsor\u00eb \u00ebsht\u00eb karakteristika e k\u00ebsaj kompanie. Pesticidet, pleh\u00ebrat, fidan\u00ebt e pem\u00ebve frutore, ullinj\u00ebve e agrumeve, hardhive e bim\u00ebve dekorative importohen nga kompani t\u00eb njohura n\u00eb Europ\u00eb dhe n\u00eb bot\u00eb midis t\u00eb cilave p\u00ebrmendim: SIPCAM Oxon-Itali, Gianoccaro-Itali, COOP Agri-Franc\u00eb, Apollon-Sh.B.A, Zheng-Kin\u00eb. Far\u00ebrat cil\u00ebsore t\u00eb perimeve, grurit, bim\u00ebve foragjere e misrit importohen nga Larossa Emanuele-Itali, Bologna Sementi-Itali.<\/p>\n<p>[\/vc_column_text][vc_empty_space][vc_row_inner][vc_column_inner width=&#8221;1\/4&#8243;]<div class=\"aio-icon-component    style_1\"><div id=\"Info-box-wrap-7910\" class=\"aio-icon-box default-icon\" style=\"\"  ><div class=\"aio-icon-default\"><div class=\"ult-just-icon-wrapper  \"><div class=\"align-icon\" style=\"text-align:center;\">\n<div class=\"aio-icon-img \" style=\"font-size:100px;display:inline-block;\" >\n\t<img decoding=\"async\" class=\"img-icon\" alt=\"null\" src=\"https:\/\/arli-international.com\/wp-content\/uploads\/2017\/08\/1222-5.png\"\/>\n<\/div><\/div><\/div><\/div><\/div> <!-- aio-icon-box --><\/div> <!-- aio-icon-component -->[\/vc_column_inner][vc_column_inner width=&#8221;1\/4&#8243;]<div class=\"aio-icon-component    style_1\"><div id=\"Info-box-wrap-9366\" class=\"aio-icon-box default-icon\" style=\"\"  ><div class=\"aio-icon-default\"><div class=\"ult-just-icon-wrapper  \"><div class=\"align-icon\" style=\"text-align:center;\">\n<div class=\"aio-icon-img \" style=\"font-size:100px;display:inline-block;\" >\n\t<img decoding=\"async\" class=\"img-icon\" alt=\"null\" src=\"https:\/\/arli-international.com\/wp-content\/uploads\/2017\/08\/1222-3.png\"\/>\n<\/div><\/div><\/div><\/div><\/div> <!-- aio-icon-box --><\/div> <!-- aio-icon-component -->[\/vc_column_inner][vc_column_inner width=&#8221;1\/4&#8243;]<div class=\"aio-icon-component    style_1\"><div id=\"Info-box-wrap-2122\" class=\"aio-icon-box default-icon\" style=\"\"  ><div class=\"aio-icon-default\"><div class=\"ult-just-icon-wrapper  \"><div class=\"align-icon\" style=\"text-align:center;\">\n<div class=\"aio-icon-img \" style=\"font-size:100px;display:inline-block;\" >\n\t<img decoding=\"async\" class=\"img-icon\" alt=\"null\" src=\"https:\/\/arli-international.com\/wp-content\/uploads\/2017\/08\/1222-2.png\"\/>\n<\/div><\/div><\/div><\/div><\/div> <!-- aio-icon-box --><\/div> <!-- aio-icon-component -->[\/vc_column_inner][vc_column_inner width=&#8221;1\/4&#8243;]<div class=\"aio-icon-component    style_1\"><div id=\"Info-box-wrap-2614\" class=\"aio-icon-box default-icon\" style=\"\"  ><div class=\"aio-icon-default\"><div class=\"ult-just-icon-wrapper  \"><div class=\"align-icon\" style=\"text-align:center;\">\n<div class=\"aio-icon-img \" style=\"font-size:100px;display:inline-block;\" >\n\t<img decoding=\"async\" class=\"img-icon\" alt=\"null\" src=\"https:\/\/arli-international.com\/wp-content\/uploads\/2017\/08\/1222-1.png\"\/>\n<\/div><\/div><\/div><\/div><\/div> <!-- aio-icon-box --><\/div> <!-- aio-icon-component -->[\/vc_column_inner][\/vc_row_inner][\/vc_column][\/vc_row][vc_row type=&#8221;vc_default&#8221; full_width=&#8221;stretch_row&#8221; css=&#8221;.vc_custom_1501583679812{background-color: #f3f3f3 !important;}&#8221;][vc_column][vc_column_text]<\/p>\n<h2 style=\"text-align: center;\"><strong><span style=\"color: #333;\">Sherbimet<\/span><span style=\"color: #20b806;\"> Tona<\/span> <\/strong><\/h2>\n<p>[\/vc_column_text][vc_separator color=&#8221;white&#8221; border_width=&#8221;5&#8243; el_width=&#8221;10&#8243;][\/vc_column][\/vc_row][vc_row type=&#8221;vc_default&#8221; full_width=&#8221;stretch_row&#8221; gap=&#8221;30&#8243; css=&#8221;.vc_custom_1501583794330{background-color: #f3f3f3 !important;}&#8221;][vc_column width=&#8221;1\/2&#8243; css=&#8221;.vc_custom_1501584773970{background-color: #ffffff !important;border-radius: 5px !important;}&#8221;][vc_custom_heading text=&#8221;DEZINFEKTIM&#8221; google_fonts=&#8221;font_family:Open%20Sans%3A300%2C300italic%2Cregular%2Citalic%2C600%2C600italic%2C700%2C700italic%2C800%2C800italic|font_style:600%20bold%20regular%3A600%3Anormal&#8221;][vc_column_text]<\/p>\n<p style=\"text-align: justify;\">Dezinfektimi eshte procesi i heqjes se organizmave te demshem te cilet shkaktojne semundje dhe infeksione. Kemi dy lloje dezinfektimesh, ate parandalues dhe qendror. Dezinfektimi parandalues konsiston ne parandalimin dhe shmangien e infeksioneve te ndryshem. Dezinfektimi perdoret ne\u00a0procesin qe ndodh kur infektimi eshte perhapur dhe ka per qellim bllokimin e shperndarjes. Kryhet ne menyre periodike dhe zgjat deri kur burimi i infeksionit zhduket plotesisht.Ne kete moment sygjerohet te ndiqet dezinfektimi parandalues.<\/p>\n<p>[\/vc_column_text][\/vc_column][vc_column width=&#8221;1\/2&#8243; css=&#8221;.vc_custom_1501584780800{background-color: #ffffff !important;border-radius: 5px !important;}&#8221;][vc_custom_heading text=&#8221;DEZINSEKTIM&#8221; google_fonts=&#8221;font_family:Open%20Sans%3A300%2C300italic%2Cregular%2Citalic%2C600%2C600italic%2C700%2C700italic%2C800%2C800italic|font_style:600%20bold%20regular%3A600%3Anormal&#8221;][vc_column_text]<\/p>\n<p style=\"text-align: justify;\">Dezinsektimi konsiston ne procesin e heqjes se insekteve irritues dhe te demshem. Per te mund ta realizuar kete fillimisht duhet te identifikohet prania e insektit, lloji i tij si dhe niveli i infektimit. Pas identifikimit te tyre parandalohet hyrja e insekteve ne zone, pastrohet zona prej tyre si dhe eleminohet mundesia e perhapjes se infeksionit.<\/p>\n<p>[\/vc_column_text][vc_empty_space][vc_empty_space][vc_empty_space height=&#8221;23px&#8221;][\/vc_column][\/vc_row][vc_row type=&#8221;vc_default&#8221; full_width=&#8221;stretch_row&#8221; gap=&#8221;30&#8243; css=&#8221;.vc_custom_1501583794330{background-color: #f3f3f3 !important;}&#8221;][vc_column width=&#8221;1\/2&#8243; css=&#8221;.vc_custom_1501584863097{background-color: #ffffff !important;border-radius: 5px !important;}&#8221;][vc_custom_heading text=&#8221;DERATIZIM&#8221; google_fonts=&#8221;font_family:Open%20Sans%3A300%2C300italic%2Cregular%2Citalic%2C600%2C600italic%2C700%2C700italic%2C800%2C800italic|font_style:600%20bold%20regular%3A600%3Anormal&#8221;][vc_column_text]<\/p>\n<p style=\"text-align: justify;\">Deratizimi konsiston kryesisht ne metoden e luftimit te minjve. Luftimi i tyre eshte nje proces i luftimit dhe elemimit te produkteve qe ata konsumojne si dhe izolimi dhe mbyllja e rrugeve te kalimit te tyre ne objektet ne monitorim. Shume i rendesishem eshte dhe mbajtja e paster e ambienteve duke mos krijuar ne kete menyre nje ambjent te favorshem per ta.Mundesojme sherbime deratizimi per qytete dhe ambjente te jashme, zona komerciale dhe rezidenciale.<\/p>\n<p>[\/vc_column_text][\/vc_column][vc_column width=&#8221;1\/2&#8243; css=&#8221;.vc_custom_1501584870577{background-color: #ffffff !important;border-radius: 5px !important;}&#8221;][vc_custom_heading text=&#8221;TYMOSJA&#8221; google_fonts=&#8221;font_family:Open%20Sans%3A300%2C300italic%2Cregular%2Citalic%2C600%2C600italic%2C700%2C700italic%2C800%2C800italic|font_style:600%20bold%20regular%3A600%3Anormal&#8221;][vc_column_text]<\/p>\n<p style=\"text-align: justify;\">Tymi ka aftesine te depertoje thelle ne siperfaqe duke mundesuar keshtu te depertoje thelle ne siperfaqe dhe te shkaterroje cdo faze te evolucionit te insekteve. Fillimisht inspektohen ambjentet ku do te aplikohet tymosja, mbyllet dhe izolohet zona ne fjale, aplikohet tymosja dhe me pas ajroset zona, behet inspektimi perkates dhe dorezohet nje raport i detajuar mbi procesin.<\/p>\n<p>[\/vc_column_text][vc_empty_space height=&#8221;29px&#8221;][\/vc_column][\/vc_row][vc_row type=&#8221;vc_default&#8221; full_width=&#8221;stretch_row&#8221; gap=&#8221;30&#8243; css=&#8221;.vc_custom_1501589274596{margin-bottom: -30px !important;background-color: #f3f3f3 !important;}&#8221;][vc_column width=&#8221;1\/2&#8243; css=&#8221;.vc_custom_1501584863097{background-color: #ffffff !important;border-radius: 5px !important;}&#8221;][vc_custom_heading text=&#8221;MBROJTJA E DRURIT&#8221; google_fonts=&#8221;font_family:Open%20Sans%3A300%2C300italic%2Cregular%2Citalic%2C600%2C600italic%2C700%2C700italic%2C800%2C800italic|font_style:600%20bold%20regular%3A600%3Anormal&#8221;][vc_column_text]<\/p>\n<p style=\"text-align: justify;\">Veprim ndaj parazit\u00ebve (krimbave t\u00eb drurit) dhe myshqeve. Bochemit dhe Lignofix jan\u00eb zakonisht t\u00eb dizenjuara p\u00ebr t\u2019u shp\u00ebrndar\u00eb dhe sp\u00ebrkatur n\u00eb dy faza t\u00eb nj\u00eb pas nj\u00ebshme. Maruyama 330EC me tubin e saj 100m dhe presionin 3.5 atm \u00ebsht\u00eb teknologjia e p\u00ebrdorur.Efekt maksimal ndaj vrim\u00ebhap\u00ebsve mund t\u00eb arrihet n\u00eb periudh\u00ebn me Qeshorit dhe Gushtit, kur krimbat l\u00ebn\u00eb drurin p\u00ebr periudh\u00ebn e \u00e7ift\u00ebzimit. M\u00ebnyra m\u00eb efikase p\u00ebr trajtimin e krimbave t\u00eb drurit \u00ebsht\u00eb aplikimi i nj\u00eb doze 6g\/1sip\u00b3 t\u00eb PH3.<\/p>\n<p>[\/vc_column_text][vc_empty_space height=&#8221;28px&#8221;][\/vc_column][vc_column width=&#8221;1\/2&#8243; css=&#8221;.vc_custom_1501584870577{background-color: #ffffff !important;border-radius: 5px !important;}&#8221;][vc_custom_heading text=&#8221;PASTRIME&#8221; google_fonts=&#8221;font_family:Open%20Sans%3A300%2C300italic%2Cregular%2Citalic%2C600%2C600italic%2C700%2C700italic%2C800%2C800italic|font_style:600%20bold%20regular%3A600%3Anormal&#8221;][vc_column_text]<\/p>\n<p style=\"text-align: justify;\">Kryhet duke sp\u00ebrkatur me Roundup, Roundup Biaktiv, Dominator.K\u00ebto jan\u00eb formulime sistematike jo-selektive t\u00eb cilat pranohen nga pjesa asimiluese e bim\u00ebs dhe transferrohen n\u00eb rr\u00ebnj\u00eb. Kjo metod\u00eb aplikohet n\u00eb vende t\u00eb mbi populluar me bim\u00eb, n\u00eb an\u00eb t\u00eb rrug\u00ebve, kanale, shinat e trenit.Para fillimit t\u00eb pastrimit, kryhet dezinsektimi dhe dezinfektimi profilaktik. Glasat e p\u00ebllumbave zhduken duke u konsideruar si mbetje t\u00eb rrezikshme biologjike sipas kodit 020106. \u00cbsht\u00eb e nevojshme p\u00ebrs\u00ebritja e pro\u00e7esit t\u00eb dezinfektimit dhe dezinsektimit pas pastimit t\u00eb t\u00eb gjith\u00eb zon\u00ebs.<\/p>\n<p>[\/vc_column_text][\/vc_column][\/vc_row][vc_row type=&#8221;vc_default&#8221; full_width=&#8221;stretch_row&#8221; css=&#8221;.vc_custom_1501589370820{margin-bottom: -70px !important;background-color: #f3f3f3 !important;}&#8221;][vc_column][vc_empty_space][\/vc_column][\/vc_row]<\/p>\n<\/div>","protected":false},"excerpt":{"rendered":"<p>[vc_row][vc_column][vc_custom_heading text=&#8221;ARLI DEZINFEKTIME&#8221; google_fonts=&#8221;font_family:Open%20Sans%3A300%2C300italic%2Cregular%2Citalic%2C600%2C600italic%2C700%2C700italic%2C800%2C800italic|font_style:600%20bold%20regular%3A600%3Anormal&#8221;][vc_column_text] Kompania Arli International, me q\u00ebnd\u00ebr n\u00eb Maminas, \u00ebsht\u00eb themeluar si person fizik n\u00eb vitin 1992. \u00cbsht\u00eb shnd\u00ebrruar n\u00eb person juridik n\u00eb vitin 1996. Ushtron veprimtari ne te gjithe territorin e Shqiperise dhe trojet shqiptare (Kosov\u00eb, Maqedoni, Mal i Zi). Shum\u00ebllojshm\u00ebria e artikujve bujq\u00ebsor\u00eb \u00ebsht\u00eb karakteristika e k\u00ebsaj kompanie. Pesticidet, pleh\u00ebrat, fidan\u00ebt&hellip;<\/p>\n","protected":false},"author":1,"featured_media":0,"parent":0,"menu_order":0,"comment_status":"closed","ping_status":"closed","template":"","meta":{"footnotes":""},"class_list":["post-375","page","type-page","status-publish","hentry","description-off"],"_links":{"self":[{"href":"https:\/\/arli-international.com\/index.php?rest_route=\/wp\/v2\/pages\/375","targetHints":{"allow":["GET"]}}],"collection":[{"href":"https:\/\/arli-international.com\/index.php?rest_route=\/wp\/v2\/pages"}],"about":[{"href":"https:\/\/arli-international.com\/index.php?rest_route=\/wp\/v2\/types\/page"}],"author":[{"embeddable":true,"href":"https:\/\/arli-international.com\/index.php?rest_route=\/wp\/v2\/users\/1"}],"replies":[{"embeddable":true,"href":"https:\/\/arli-international.com\/index.php?rest_route=%2Fwp%2Fv2%2Fcomments&post=375"}],"version-history":[{"count":56,"href":"https:\/\/arli-international.com\/index.php?rest_route=\/wp\/v2\/pages\/375\/revisions"}],"predecessor-version":[{"id":436,"href":"https:\/\/arli-international.com\/index.php?rest_route=\/wp\/v2\/pages\/375\/revisions\/436"}],"wp:attachment":[{"href":"https:\/\/arli-international.com\/index.php?rest_route=%2Fwp%2Fv2%2Fmedia&parent=375"}],"curies":[{"name":"wp","href":"https:\/\/api.w.org\/{rel}","templated":true}]}}