{"id":352,"date":"2017-08-01T08:13:41","date_gmt":"2017-08-01T08:13:41","guid":{"rendered":"http:\/\/arli.albweb.al\/?page_id=352"},"modified":"2018-07-20T08:00:49","modified_gmt":"2018-07-20T08:00:49","slug":"universiteti","status":"publish","type":"page","link":"https:\/\/arli-international.com\/?page_id=352","title":{"rendered":"Qendra e Formimit Profesional"},"content":{"rendered":"<div class=\"wpb-content-wrapper\"><p>[vc_row type=&#8221;vc_default&#8221; full_width=&#8221;stretch_row&#8221;][vc_column][vc_custom_heading text=&#8221;SHKOLLA E PAR\u00cb PROFESIONALE BUJQ\u00cbSORE PARA DHE PASUNIVERSITARE&#8221; font_container=&#8221;tag:h3|text_align:left&#8221; google_fonts=&#8221;font_family:Open%20Sans%3A300%2C300italic%2Cregular%2Citalic%2C600%2C600italic%2C700%2C700italic%2C800%2C800italic|font_style:600%20bold%20regular%3A600%3Anormal&#8221;][vc_empty_space][\/vc_column][\/vc_row][vc_row][vc_column][vc_column_text]<\/p>\n<p style=\"text-align: justify;\">P\u00ebr m\u00eb shum\u00eb se dy dekada, kompania punon n\u00eb sh\u00ebrbim t\u00eb bujq\u00ebsis\u00eb shqiptare me prodhime cil\u00ebsore, sh\u00ebrbime k\u00ebshillimore, korrektesi e p\u00ebrgjegj\u00ebsi n\u00eb t\u00eb gjitha hallkat e veprimtaris\u00eb. Bashk\u00ebpunon me mbi 300 specialist\u00eb t\u00eb lart\u00eb t\u00eb bujq\u00ebsis\u00eb. Organizon takime p\u00ebr promovimin e t\u00eb rejave shkencore n\u00eb bujq\u00ebsi. Nd\u00ebr takimet m\u00eb cil\u00ebsore ka q\u00ebn\u00eb \u00cborkshop-i p\u00ebr njohjen e preparateve t\u00eb sh\u00ebndetit publik. Veprimtari e realizuar n\u00eb bashk\u00ebpunim me \u201cMinistrin\u00eb e Bujq\u00ebsis\u00eb, ushqimit e mbrojtjes s\u00eb konsumatorit\u201d, Ministrin\u00eb e sh\u00ebndet\u00ebsis\u00eb, Institutin e sh\u00ebndetit pubik, Kompanin\u00eb PELGAR-Angli dhe Itali kompania Arli International \u00ebsht\u00eb kompletuar me mjedise cil\u00ebsore, me specialist\u00eb me shum\u00eb p\u00ebrvoj\u00eb e t\u00eb rinj, 8 agronom\u00eb, inxhinier\u00eb kimist\u00eb, veteriner\u00eb, ekonomist\u00eb dhe jurist\u00eb.<\/p>\n<p style=\"text-align: justify;\">Parimi baz\u00eb i pun\u00ebs ka q\u00ebn\u00eb dhe mbetet njohja dhe respektimi i ligjit, komunikimi korrekt e i cliter, mbrojtja e prodhimit bujq\u00ebsor, k\u00ebshillimi koherent deri tek fermeri. Nj\u00eb nga objektivat e kompanis\u00eb \u00ebsht\u00eb futja n\u00eb sistemin e prodhimt t\u00eb farave t\u00eb vendit duke e par\u00eb at\u00eb si pjes\u00eb e identitetit komb\u00ebtar, sic e kan\u00eb dhe shum\u00eb vende t\u00eb tjera t\u00eb bot\u00ebs.<\/p>\n<p>[\/vc_column_text][\/vc_column][\/vc_row][vc_row][vc_column width=&#8221;1\/3&#8243;][vc_single_image image=&#8221;364&#8243; img_size=&#8221;full&#8221;][\/vc_column][vc_column width=&#8221;1\/3&#8243;][vc_single_image image=&#8221;366&#8243; img_size=&#8221;full&#8221;][vc_empty_space][\/vc_column][vc_column width=&#8221;1\/3&#8243;][vc_single_image image=&#8221;363&#8243; img_size=&#8221;full&#8221;][\/vc_column][\/vc_row][vc_row type=&#8221;vc_default&#8221; full_width=&#8221;stretch_row&#8221; css=&#8221;.vc_custom_1501577129430{background-color: #f3f3f3 !important;}&#8221;][vc_column][vc_empty_space][vc_custom_heading text=&#8221;E li\u00e7ensuar nga :Ministria e Pun\u00ebs dhe Sh\u00ebrbimit Social&#8221; font_container=&#8221;tag:h3|text_align:left&#8221; google_fonts=&#8221;font_family:Open%20Sans%3A300%2C300italic%2Cregular%2Citalic%2C600%2C600italic%2C700%2C700italic%2C800%2C800italic|font_style:600%20bold%20regular%3A600%3Anormal&#8221;][\/vc_column][\/vc_row][vc_row type=&#8221;vc_default&#8221; full_width=&#8221;stretch_row&#8221; css=&#8221;.vc_custom_1501579922707{background-color: #f3f3f3 !important;}&#8221;][vc_column width=&#8221;1\/4&#8243;]<div class=\"aio-icon-component    style_1\"><div id=\"Info-box-wrap-2296\" class=\"aio-icon-box default-icon\" style=\"\"  ><div class=\"aio-icon-default\"><div class=\"ult-just-icon-wrapper  \"><div class=\"align-icon\" style=\"text-align:center;\">\n<div class=\"aio-icon-img \" style=\"font-size:85px;display:inline-block;\" >\n\t<img decoding=\"async\" class=\"img-icon\" alt=\"null\" src=\"https:\/\/arli-international.com\/wp-content\/uploads\/2017\/08\/circle-png-8-3.png\"\/>\n<\/div><\/div><\/div><\/div><div class=\"aio-icon-header\" ><h3 class=\"aio-icon-title ult-responsive\"  data-ultimate-target='#Info-box-wrap-2296 .aio-icon-title'  data-responsive-json-new='{\"font-size\":\"\",\"line-height\":\"\"}'  style=\"\">Laborator\u00eb modern<\/h3><\/div> <!-- header --><\/div> <!-- aio-icon-box --><\/div> <!-- aio-icon-component -->[\/vc_column][vc_column width=&#8221;1\/4&#8243;]<div class=\"aio-icon-component    style_1\"><div id=\"Info-box-wrap-9353\" class=\"aio-icon-box default-icon\" style=\"\"  ><div class=\"aio-icon-default\"><div class=\"ult-just-icon-wrapper  \"><div class=\"align-icon\" style=\"text-align:center;\">\n<div class=\"aio-icon-img \" style=\"font-size:85px;display:inline-block;\" >\n\t<img decoding=\"async\" class=\"img-icon\" alt=\"null\" src=\"https:\/\/arli-international.com\/wp-content\/uploads\/2017\/08\/circle-png-8-4.png\"\/>\n<\/div><\/div><\/div><\/div><div class=\"aio-icon-header\" ><h3 class=\"aio-icon-title ult-responsive\"  data-ultimate-target='#Info-box-wrap-9353 .aio-icon-title'  data-responsive-json-new='{\"font-size\":\"\",\"line-height\":\"\"}'  style=\"\">Ambjente bashk\u00ebkohore<\/h3><\/div> <!-- header --><\/div> <!-- aio-icon-box --><\/div> <!-- aio-icon-component -->[vc_empty_space][\/vc_column][vc_column width=&#8221;1\/4&#8243;]<div class=\"aio-icon-component    style_1\"><div id=\"Info-box-wrap-4567\" class=\"aio-icon-box default-icon\" style=\"\"  ><div class=\"aio-icon-default\"><div class=\"ult-just-icon-wrapper  \"><div class=\"align-icon\" style=\"text-align:center;\">\n<div class=\"aio-icon-img \" style=\"font-size:85px;display:inline-block;\" >\n\t<img decoding=\"async\" class=\"img-icon\" alt=\"null\" src=\"https:\/\/arli-international.com\/wp-content\/uploads\/2017\/08\/circle-png-8-5.png\"\/>\n<\/div><\/div><\/div><\/div><div class=\"aio-icon-header\" ><h3 class=\"aio-icon-title ult-responsive\"  data-ultimate-target='#Info-box-wrap-4567 .aio-icon-title'  data-responsive-json-new='{\"font-size\":\"\",\"line-height\":\"\"}'  style=\"\">Staf pedagogjik profesional<\/h3><\/div> <!-- header --><\/div> <!-- aio-icon-box --><\/div> <!-- aio-icon-component -->[\/vc_column][vc_column width=&#8221;1\/4&#8243;]<div class=\"aio-icon-component    style_1\"><div id=\"Info-box-wrap-9152\" class=\"aio-icon-box default-icon\" style=\"\"  ><div class=\"aio-icon-default\"><div class=\"ult-just-icon-wrapper  \"><div class=\"align-icon\" style=\"text-align:center;\">\n<div class=\"aio-icon-img \" style=\"font-size:85px;display:inline-block;\" >\n\t<img decoding=\"async\" class=\"img-icon\" alt=\"null\" src=\"https:\/\/arli-international.com\/wp-content\/uploads\/2017\/08\/circle-png-8-6.png\"\/>\n<\/div><\/div><\/div><\/div><div class=\"aio-icon-header\" ><h3 class=\"aio-icon-title ult-responsive\"  data-ultimate-target='#Info-box-wrap-9152 .aio-icon-title'  data-responsive-json-new='{\"font-size\":\"\",\"line-height\":\"\"}'  style=\"\">Praktika konkrete n\u00eb kontakt me natyr\u00ebn<\/h3><\/div> <!-- header --><\/div> <!-- aio-icon-box --><\/div> <!-- aio-icon-component -->[\/vc_column][\/vc_row][vc_row][vc_column][vc_empty_space height=&#8221;20px&#8221;][vc_column_text]<\/p>\n<h2 style=\"text-align: center;\"><strong><span style=\"color: #333;\">Kurset<\/span><span style=\"color: #20b806;\"> Tona<\/span> <\/strong><\/h2>\n<p>[\/vc_column_text][vc_empty_space height=&#8221;20px&#8221;][vc_row_inner][vc_column_inner width=&#8221;1\/3&#8243;]<div class=\"standard-arrow bullet-top\"><ul>\n<li>\n<h4>Sh\u00ebndeti Publik<\/h4>\n<\/li>\n<li>\n<h4>Mbrojtja e bim\u00ebve<\/h4>\n<\/li>\n<li>\n<h4>Masat teknike dhe t\u00eb sh\u00ebrbimit<\/h4>\n<\/li>\n<\/ul>\n<\/div>[\/vc_column_inner][vc_column_inner width=&#8221;1\/3&#8243;]<div class=\"standard-arrow bullet-top\"><ul>\n<li>\n<h4>Prodhimi i far\u00ebrave<\/h4>\n<\/li>\n<li>\n<h4>Prodhimi i fidan\u00ebve<\/h4>\n<\/li>\n<li>\n<h4>Kultivimi i perimeve n\u00eb sera<\/h4>\n<\/li>\n<\/ul>\n<\/div>[\/vc_column_inner][vc_column_inner width=&#8221;1\/3&#8243;]<div class=\"standard-arrow bullet-top\"><ul>\n<li>\n<h4>Pemtaria<\/h4>\n<\/li>\n<li>\n<h4>Bim\u00ebt sub-tropikale<\/h4>\n<\/li>\n<li>\n<h4>Programimi i t\u00eb ushqyerit t\u00eb bim\u00ebve<\/h4>\n<\/li>\n<\/ul>\n<\/div>[\/vc_column_inner][\/vc_row_inner][\/vc_column][\/vc_row][vc_row][vc_column][vc_empty_space height=&#8221;65px&#8221;][\/vc_column][\/vc_row][vc_row type=&#8221;vc_default&#8221; full_width=&#8221;stretch_row&#8221;][vc_column width=&#8221;1\/3&#8243; css=&#8221;.vc_custom_1501580191729{background-color: #108757 !important;}&#8221;][vc_custom_heading text=&#8221;ORARI MESIMOR&#8221; font_container=&#8221;tag:h3|text_align:center|color:%23ffffff&#8221; google_fonts=&#8221;font_family:Open%20Sans%3A300%2C300italic%2Cregular%2Citalic%2C600%2C600italic%2C700%2C700italic%2C800%2C800italic|font_style:600%20bold%20regular%3A600%3Anormal&#8221;][vc_column_text]<\/p>\n<p style=\"text-align: justify;\"><span style=\"color: white;\">Kursi i mbrojtjes s\u00eb interguar t\u00eb\u00a0bim\u00ebve do t\u00eb\u00a0zhvillohet n\u00eb\u00a0fundjav\u00eb\u00a0(shtun\u00eb\u00a0e diel). M\u00ebsimi do t\u00eb\u00a0zhvillohet me sistemin 90 minuta ora m\u00ebsimore ,me kat\u00ebr seanca n\u00eb\u00a0dit\u00eb.Do t\u00eb zhvillohen praktika m\u00ebsimore konkrete n\u00eb kompani dhe mjediset p\u00ebrreth.Pes\u00eb dit\u00eb do t\u00eb jen\u00eb praktika profesionale-shkencore n\u00eb objekte sipas l\u00ebnd\u00ebve p\u00ebrkat\u00ebse.<\/span><\/p>\n<p>[\/vc_column_text][vc_empty_space height=&#8221;2px&#8221;][\/vc_column][vc_column width=&#8221;2\/3&#8243; css=&#8221;.vc_custom_1501580203242{background-color: #8fd16f !important;}&#8221;][vc_row_inner][vc_column_inner width=&#8221;1\/3&#8243;][vc_custom_heading text=&#8221;Or\u00ebt e m\u00ebsimit&#8221; font_container=&#8221;tag:h3|text_align:center|color:%23ffffff&#8221; google_fonts=&#8221;font_family:Open%20Sans%3A300%2C300italic%2Cregular%2Citalic%2C600%2C600italic%2C700%2C700italic%2C800%2C800italic|font_style:600%20bold%20regular%3A600%3Anormal&#8221;][vc_separator color=&#8221;white&#8221;]<div class=\"standard-number-list list-divider bullet-top\"><ul>\n<li><span style=\"color: white;\">08:00 &#8211; 09:30<\/span><\/li>\n<li><span style=\"color: white;\">09:45 &#8211; 11:45<\/span><\/li>\n<li><span style=\"color: white;\">11:30 &#8211; 13:00<\/span><\/li>\n<li><span style=\"color: white;\">13:15 &#8211; 14:45<\/span><\/li>\n<\/ul>\n<\/div>[\/vc_column_inner][vc_column_inner width=&#8221;1\/3&#8243;][vc_custom_heading text=&#8221;E Shtun\u00eb&#8221; font_container=&#8221;tag:h3|text_align:center|color:%23ffffff&#8221; google_fonts=&#8221;font_family:Open%20Sans%3A300%2C300italic%2Cregular%2Citalic%2C600%2C600italic%2C700%2C700italic%2C800%2C800italic|font_style:600%20bold%20regular%3A600%3Anormal&#8221;][vc_separator color=&#8221;white&#8221;]<div class=\"standard-number-list list-divider bullet-top\"><ul>\n<li><span style=\"color: white;\">Leksion<\/span><\/li>\n<li><span style=\"color: white;\">Leksion<\/span><\/li>\n<li><span style=\"color: white;\">Praktike<\/span><\/li>\n<li><span style=\"color: white;\">Praktike<\/span><\/li>\n<\/ul>\n<\/div>[\/vc_column_inner][vc_column_inner width=&#8221;1\/3&#8243;][vc_custom_heading text=&#8221;E Diel&#8221; font_container=&#8221;tag:h3|text_align:center|color:%23ffffff&#8221; google_fonts=&#8221;font_family:Open%20Sans%3A300%2C300italic%2Cregular%2Citalic%2C600%2C600italic%2C700%2C700italic%2C800%2C800italic|font_style:600%20bold%20regular%3A600%3Anormal&#8221;][vc_separator color=&#8221;white&#8221;]<div class=\"standard-number-list list-divider bullet-top\"><ul>\n<li><span style=\"color: white;\">Leksion<\/span><\/li>\n<li><span style=\"color: white;\">Leksion<\/span><\/li>\n<li><span style=\"color: white;\">Praktike<\/span><\/li>\n<li><span style=\"color: white;\">Praktike<\/span><\/li>\n<\/ul>\n<\/div>[\/vc_column_inner][\/vc_row_inner][\/vc_column][\/vc_row][vc_row][vc_column][vc_empty_space][\/vc_column][\/vc_row][vc_row][vc_column][vc_custom_heading text=&#8221;Arsim i Mesem Parauniversitar&#8221; font_container=&#8221;tag:h3|text_align:center&#8221; google_fonts=&#8221;font_family:Open%20Sans%3A300%2C300italic%2Cregular%2Citalic%2C600%2C600italic%2C700%2C700italic%2C800%2C800italic|font_style:600%20bold%20regular%3A600%3Anormal&#8221;][vc_custom_heading text=&#8221;Pas mbarimit t\u00eb k\u00ebsaj shkolle, ju keni t\u00eb drejt\u00eb t\u00eb vazhdoni shkoll\u00ebn e lart\u00eb n\u00eb deg\u00ebt q\u00eb d\u00ebshironi, pa kufizim. Gjithashtu n\u00eb p\u00ebrfundim t\u00eb shkoll\u00ebs ju pajiseni me diplom\u00eb.&#8221; font_container=&#8221;tag:h4|text_align:center&#8221; google_fonts=&#8221;font_family:Open%20Sans%3A300%2C300italic%2Cregular%2Citalic%2C600%2C600italic%2C700%2C700italic%2C800%2C800italic|font_style:600%20bold%20regular%3A600%3Anormal&#8221;][vc_empty_space][\/vc_column][\/vc_row][vc_row][vc_column][vc_custom_heading text=&#8221;DEGA : AGRONOMI&#8221; font_container=&#8221;tag:h3|text_align:left|color:%23ffffff&#8221; google_fonts=&#8221;font_family:Open%20Sans%3A300%2C300italic%2Cregular%2Citalic%2C600%2C600italic%2C700%2C700italic%2C800%2C800italic|font_style:600%20bold%20regular%3A600%3Anormal&#8221; css=&#8221;.vc_custom_1531472545806{background-color: #108757 !important;}&#8221;][vc_custom_heading text=&#8221;Lendet&#8221; font_container=&#8221;tag:h4|text_align:left&#8221; google_fonts=&#8221;font_family:Open%20Sans%3A300%2C300italic%2Cregular%2Citalic%2C600%2C600italic%2C700%2C700italic%2C800%2C800italic|font_style:600%20bold%20regular%3A600%3Anormal&#8221;][\/vc_column][\/vc_row][vc_row][vc_column width=&#8221;1\/4&#8243;][vc_empty_space height=&#8221;7px&#8221;]<div class=\"standard-arrow list-divider bullet-top\"><ul>\n<li><span style=\"color: #000000;\">Gjuhe Shqipe<\/span><\/li>\n<li><span style=\"color: #000000;\">Letersi<\/span><\/li>\n<li><span style=\"color: #000000;\">Anglisht<\/span><\/li>\n<li><span style=\"color: #000000;\">Italisht<\/span><\/li>\n<li><span style=\"color: #000000;\">Matematike<\/span><\/li>\n<li><span style=\"color: #000000;\">Fizike<\/span><\/li>\n<li><span style=\"color: #000000;\">Kimi<\/span><\/li>\n<li><span style=\"color: #000000;\">Shkencat sociale<\/span><\/li>\n<\/ul>\n<\/div>[\/vc_column][vc_column width=&#8221;1\/4&#8243;][vc_empty_space height=&#8221;7px&#8221;]<div class=\"standard-arrow list-divider bullet-top\"><ul>\n<li>Histori<\/li>\n<li>Gjeografi<\/li>\n<li>TIK<\/li>\n<li>Edukim fizik<\/li>\n<li>Bazat e bujqesise<\/li>\n<li>Perime-lule &amp; Bimet e arave<\/li>\n<li>Mbareshtimi i kafsheve<\/li>\n<li>Bazat e mekanikes<\/li>\n<\/ul>\n<\/div>[\/vc_column][vc_column width=&#8221;1\/2&#8243;][vc_single_image image=&#8221;1165&#8243; img_size=&#8221;full&#8221; alignment=&#8221;center&#8221; css=&#8221;.vc_custom_1532073479582{margin-top: -10px !important;}&#8221;][\/vc_column][\/vc_row][vc_row][vc_column][vc_empty_space][\/vc_column][\/vc_row][vc_row][vc_column][vc_custom_heading text=&#8221;DEGA : VETERINARI&#8221; font_container=&#8221;tag:h3|text_align:left|color:%23ffffff&#8221; google_fonts=&#8221;font_family:Open%20Sans%3A300%2C300italic%2Cregular%2Citalic%2C600%2C600italic%2C700%2C700italic%2C800%2C800italic|font_style:600%20bold%20regular%3A600%3Anormal&#8221; css=&#8221;.vc_custom_1531472558173{background-color: #108757 !important;}&#8221;][vc_custom_heading text=&#8221;Lendet&#8221; font_container=&#8221;tag:h4|text_align:left&#8221; google_fonts=&#8221;font_family:Open%20Sans%3A300%2C300italic%2Cregular%2Citalic%2C600%2C600italic%2C700%2C700italic%2C800%2C800italic|font_style:600%20bold%20regular%3A600%3Anormal&#8221;][\/vc_column][\/vc_row][vc_row][vc_column width=&#8221;1\/4&#8243;][vc_empty_space height=&#8221;7px&#8221;]<div class=\"standard-arrow list-divider bullet-top\"><ul>\n<li>Gjuhe Shqipe<\/li>\n<li>Letersi<\/li>\n<li>Anglisht<\/li>\n<li>Italisht<\/li>\n<li>Matematike<\/li>\n<li>Fizike<\/li>\n<li>Kimi<\/li>\n<li>Shkencat sociale<\/li>\n<\/ul>\n<\/div>[\/vc_column][vc_column width=&#8221;1\/4&#8243;][vc_empty_space height=&#8221;7px&#8221;]<div class=\"standard-arrow list-divider bullet-top\"><ul>\n<li>Histori<\/li>\n<li>Gjeografi<\/li>\n<li>TIK<\/li>\n<li>Edukim fizik<\/li>\n<li>Zoohigjiene<\/li>\n<li>Anatomia dhe fiziologjia<\/li>\n<li>Mbareshtimi i kafsheve<\/li>\n<\/ul>\n<\/div>[\/vc_column][vc_column width=&#8221;1\/2&#8243;][vc_single_image image=&#8221;1166&#8243; img_size=&#8221;full&#8221; alignment=&#8221;center&#8221; css=&#8221;.vc_custom_1532073624052{margin-top: -10px !important;}&#8221;][\/vc_column][\/vc_row]<\/p>\n<\/div>","protected":false},"excerpt":{"rendered":"<p>[vc_row type=&#8221;vc_default&#8221; full_width=&#8221;stretch_row&#8221;][vc_column][vc_custom_heading text=&#8221;SHKOLLA E PAR\u00cb PROFESIONALE BUJQ\u00cbSORE PARA DHE PASUNIVERSITARE&#8221; font_container=&#8221;tag:h3|text_align:left&#8221; google_fonts=&#8221;font_family:Open%20Sans%3A300%2C300italic%2Cregular%2Citalic%2C600%2C600italic%2C700%2C700italic%2C800%2C800italic|font_style:600%20bold%20regular%3A600%3Anormal&#8221;][vc_empty_space][\/vc_column][\/vc_row][vc_row][vc_column][vc_column_text] P\u00ebr m\u00eb shum\u00eb se dy dekada, kompania punon n\u00eb sh\u00ebrbim t\u00eb bujq\u00ebsis\u00eb shqiptare me prodhime cil\u00ebsore, sh\u00ebrbime k\u00ebshillimore, korrektesi e p\u00ebrgjegj\u00ebsi n\u00eb t\u00eb gjitha hallkat e veprimtaris\u00eb. Bashk\u00ebpunon me mbi 300 specialist\u00eb t\u00eb lart\u00eb t\u00eb bujq\u00ebsis\u00eb. Organizon takime p\u00ebr promovimin e t\u00eb&hellip;<\/p>\n","protected":false},"author":1,"featured_media":0,"parent":0,"menu_order":0,"comment_status":"closed","ping_status":"closed","template":"","meta":{"footnotes":""},"class_list":["post-352","page","type-page","status-publish","hentry","description-off"],"_links":{"self":[{"href":"https:\/\/arli-international.com\/index.php?rest_route=\/wp\/v2\/pages\/352","targetHints":{"allow":["GET"]}}],"collection":[{"href":"https:\/\/arli-international.com\/index.php?rest_route=\/wp\/v2\/pages"}],"about":[{"href":"https:\/\/arli-international.com\/index.php?rest_route=\/wp\/v2\/types\/page"}],"author":[{"embeddable":true,"href":"https:\/\/arli-international.com\/index.php?rest_route=\/wp\/v2\/users\/1"}],"replies":[{"embeddable":true,"href":"https:\/\/arli-international.com\/index.php?rest_route=%2Fwp%2Fv2%2Fcomments&post=352"}],"version-history":[{"count":14,"href":"https:\/\/arli-international.com\/index.php?rest_route=\/wp\/v2\/pages\/352\/revisions"}],"predecessor-version":[{"id":1167,"href":"https:\/\/arli-international.com\/index.php?rest_route=\/wp\/v2\/pages\/352\/revisions\/1167"}],"wp:attachment":[{"href":"https:\/\/arli-international.com\/index.php?rest_route=%2Fwp%2Fv2%2Fmedia&parent=352"}],"curies":[{"name":"wp","href":"https:\/\/api.w.org\/{rel}","templated":true}]}}